ultiple of 9?
False
Is 1118 a factor of 76009187?
False
Is 862071045 a multiple of 55?
True
Is 532229698 a multiple of 12?
False
Is 40 a factor of 20668600?
True
Is 46 a factor of 132662988?
True
Is 82 a factor of 91533325?
False
Is 40 a factor of 956744593?
False
Is 2881452636 a multiple of 1478?
True
Does 647 divide 100572305?
False
Is 64 a factor of 296715648?
True
Is 40707096 a multiple of 41?
True
Is 3901628 a multiple of 28?
False
Is 320012625 a multiple of 31?
False
Is 88612053 a multiple of 104?
False
Does 24 divide 3530017721?
False
Is 1245869622 a multiple of 1531?
True
Does 401 divide 178280189?
True
Does 16 divide 291544446?
False
Does 6 divide 3093182?
False
Is 25 a factor of 68728613?
False
Is 1861 a factor of 83402835?
False
Is 14 a factor of 42152258?
False
Is 1210 a factor of 127810085?
False
Is 144128376 a multiple of 87?
True
Does 42 divide 14876316?
True
Is 516 a factor of 852994058?
False
Is 263 a factor of 971918?
False
Is 17 a factor of 67331480?
False
Is 33217353 a multiple of 507?
False
Does 31 divide 11786913?
True
Does 43 divide 119318815?
False
Is 85 a factor of 331769365?
True
Does 228 divide 199487798?
False
Does 25 divide 392365971?
False
Is 289 a factor of 21524431?
True
Is 58 a factor of 78036100?
True
Is 116 a factor of 3258847392?
True
Does 1173 divide 105673861?
False
Is 131703632 a multiple of 739?
False
Does 17 divide 449589174?
True
Is 339238851 a multiple of 7?
True
Is 28642671 a multiple of 969?
True
Does 177 divide 1940805?
True
Does 149 divide 169304164?
False
Is 131 a factor of 18990939?
True
Is 3279 a factor of 83234136?
True
Is 4654908 a multiple of 162?
True
Does 9 divide 4818681?
True
Does 3318 divide 145228967?
False
Is 26496900 a multiple of 2994?
True
Is 43824793 a multiple of 117?
False
Is 59657723 a multiple of 407?
False
Is 32595548 a multiple of 86?
True
Does 2370 divide 2937516061?
False
Does 7 divide 20975598?
True
Does 445 divide 14221466?
False
Does 83 divide 9279649?
True
Does 35 divide 1275995?
True
Is 1623685614 a multiple of 309?
True
Is 165064098 a multiple of 4?
False
Is 3 a factor of 11008674?
True
Does 7744 divide 30790144?
True
Does 186 divide 31015808?
False
Is 760974159 a multiple of 69?
True
Is 51280440 a multiple of 14?
False
Is 4460 a factor of 666194660?
True
Is 44 a factor of 2013376948?
True
Is 759 a factor of 31355342?
False
Is 8 a factor of 93176160?
True
Is 71604221 a multiple of 712?
False
Does 102 divide 222108327?
False
Is 20325240 a multiple of 12?
True
Is 245 a factor of 6354810?
True
Does 3735 divide 139558275?
True
Does 4241 divide 2075621738?
True
Is 111043641 a multiple of 1327?
False
Is 1299 a factor of 7156956?
False
Is 23 a factor of 1394287393?
True
Is 460777729 a multiple of 5?
False
Is 910550207 a multiple of 11049?
False
Is 63693149 a multiple of 13?
True
Does 13 divide 272713004?
False
Is 34 a factor of 34110874?
True
Is 200367 a multiple of 25?
False
Is 192 a factor of 8570703?
False
Is 2806 a factor of 277757522?
True
Is 1694709937 a multiple of 313?
False
Does 96 divide 1415520?
True
Is 321829317 a multiple of 15?
False
Is 62213429 a multiple of 40?
False
Does 84 divide 617256630?
False
Is 1083944737 a multiple of 19?
True
Is 1086374280 a multiple of 48?
False
Is 19 a factor of 181407427?
False
Does 5651 divide 4651364?
False
Does 74 divide 15772952?
True
Is 285250856 a multiple of 17?
False
Is 144238608 a multiple of 612?
True
Does 38 divide 69842784?
True
Does 527 divide 275372783?
True
Is 388968720 a multiple of 120?
True
Is 95290205 a multiple of 5?
True
Does 3577 divide 42659151?
False
Is 20616480 a multiple of 32?
True
Is 8 a factor of 10073008?
True
Does 100 divide 1208700?
True
Is 729 a factor of 7019078503?
False
Is 98 a factor of 175651084?
True
Is 11020870 a multiple of 35?
True
Is 133 a factor of 535162208?
True
Does 409 divide 154611816?
True
Is 5526 a factor of 145393860?
False
Does 42 divide 74389812?
True
Does 2 divide 126919?
False
Does 93 divide 52674095?
False
Does 96 divide 448871136?
True
Is 407153985 a multiple of 4406?
False
Is 85 a factor of 1303673475?
True
Does 37 divide 37762570?
True
Is 236 a factor of 341589970?
False
Is 34452058 a multiple of 1440?
False
Is 8494691 a multiple of 957?
False
Is 11 a factor of 3250915778?
True
Does 471 divide 1349757888?
True
Is 5 a factor of 145307750?
True
Is 409 a factor of 72044073?
False
Is 375 a factor of 36769700?
False
Does 1169 divide 18650226?
True
Is 625401552 a multiple of 188?
True
Is 154721375 a multiple of 8?
False
Is 249393785 a multiple of 41?
False
Does 82 divide 407774426?
False
Is 32035002 a multiple of 786?
True
Is 72 a factor of 48130946?
False
Is 20 a factor of 380739787?
False
Does 73 divide 844800?
False
Does 153 divide 981338?
False
Does 8 divide 148951289?
False
Is 7 a factor of 826449050?
True
Does 7 divide 140421483?
False
Is 1229782125 a multiple of 3621?
True
Is 184476270 a multiple of 330?
True
Is 6050835 a multiple of 111?
False
Is 78737378 a multiple of 1213?
False
Does 7 divide 5197311?
True
Does 846 divide 33032595?
False
Is 7 a factor of 46074171?
False
Is 16 a factor of 27176791?
False
Does 1826 divide 1037473014?
False
Is 2960835072 a multiple of 64?
True
Does 2723 divide 216874607?
False
Is 33602631 a multiple of 863?
True
Is 145402295 a multiple of 76?
False
Is 504227579 a multiple of 55?
False
Is 6505828 a multiple of 98?
True
Is 66506839 a multiple of 4031?
False
Does 2951 divide 949981744?
False
Is 17 a factor of 3306563487?
False
Does 203 divide 2185983?
False
Does 175 divide 68063975?
True
Is 224873185 a multiple of 635?
True
Is 920221359 a multiple of 8093?
False
Is 5528370840 a multiple of 12?
True
Is 244618274 a multiple of 6?
False
Does 12534 divide 2525926884?
True
Is 685835973 a multiple of 503?
True
Is 349396919 a multiple of 460?
False
Is 97589016 a multiple of 108?
True
Is 17 a factor of 6432623625?
True
Is 274 a factor of 673038530?
True
Is 3 a factor of 14820367?
False
Is 216 a factor of 28204318?
False
Is 942 a factor of 138964782?
True
Is 95 a factor of 131622025?
True
Is 74 a factor of 84164226?
False
Does 101 divide 191082809?
True
Does 1131 divide 380144934?
True
Is 434 a factor of 59480134?
True
Is 98 a factor of 17174696?
True
Is 2744137768 a multiple of 1192?
True
Is 372 a factor of 1176636?
True
Is 169326808 a multiple of 28?
True
Does 301 divide 629821397?
False
Is 251 a factor of 1584376774?
False
Does 186 divide 4784331?
False
Is 464 a factor of 5350384?
True
Is 28 a factor of 109582312?
True
Does 373 divide 2090558582?
False
Is 12416235 a multiple of 41?
True
Is 5557913 even?
False
Is 368546221 a multiple of 136?
False
Does 57 divide 65480541?
False
Is 147862744 a multiple of 10?
False
Is 33 a factor of 15079736?
False
Is 80 a factor of 367346722?
False
Is 88108540 a multiple of 130?
True
Is 172670727 a multiple of 87?
True
Is 5 a factor of 5772252?
False
Does 152 divide 22279481?
False
Is 153810739 a multiple of 37?
True
Is 185262 a multiple of 1203?
True
Is 64 a factor of 825173568?
True
Is 22242986 a multiple of 6?
False
Is 1778297 a multiple of 547?
True
Is 25513520 even?
True
Is 64455126 a multiple of 85?
False
Does 21 divide 791992181?
False
Is 4 a factor of 2341775?
False
Is 830 a factor of 115496990?
True
Is 49636509 a multiple of 13?
True
Does 10 divide 6699460?
True
Does 44 divide 5033000?
False
Is 20 a factor of 177876135?
False
Is 281022158 a multiple of 29?
False
Does 18 divide 1062314?
False
Is 626 a factor of 122238480?
False
Is 95 a factor of 25009590?
False
Is 131 a factor of 827142253?
True
Does 11 divide 2649207?
True
Is 1210 a factor of 383329289?
False
Is 4853 a factor of 207354131?
True
Is 1039 a factor of 754008534?
True
Is 9 a factor of 16817699?
False
Is 6261221 a multiple of 4?
False
Is 566648823 a multiple of 4?
False
Does 612 divide 2497572?
True
Is 28260 a multiple of 10?
True
Is 58507927 a multiple of 2967?
False
Is 129 a factor of 216808365?
True
Is 77298750 a multiple of 90?
True
Does 7 divide 20607855?
False
Is 101239164 a multiple of 117?
True
Is 17 a factor of 83645219?
True
Is 135949814 a multiple of 286?
True
Does 39 divide 25766223?
False
Is 1986671136 a multiple of 536?
True
Does 13 divide 47220833?
False
Is 12861240 a multiple of 28?
True
Is 1900156306 a multiple of 6131?
T